{"id":858,"date":"2021-05-19T07:20:55","date_gmt":"2021-05-19T07:20:55","guid":{"rendered":"http:\/\/ubezpieczeniacieslar.pl\/?page_id=858"},"modified":"2023-06-01T07:57:03","modified_gmt":"2023-06-01T05:57:03","slug":"ubezpieczenie-zawodowe","status":"publish","type":"page","link":"http:\/\/ubezpieczeniacieslar.pl\/?page_id=858","title":{"rendered":"Ubezpieczenie zawodowe"},"content":{"rendered":"\n<p>W dzisiejszym \u015bwiecie, gdzie prowadzenie w\u0142asnej dzia\u0142alno\u015bci gospodarczej jest coraz popularniejsze, wa\u017cne jest zabezpieczenie si\u0119 przed ewentualnymi szkodami, kt\u00f3re mog\u0105 wynikn\u0105\u0107 z naszej dzia\u0142alno\u015bci. Dlatego warto zastanowi\u0107 si\u0119 nad tym, jak polisa OC zawodowe mo\u017ce nam pom\u00f3c w ochronie naszego biznesu.<\/p>\n\n\n\n<p>Polisa OC zawodowe (Odpowiedzialno\u015b\u0107 Cywilna zawodowa) to ubezpieczenie, kt\u00f3re chroni przed roszczeniami os\u00f3b trzecich w przypadku wyrz\u0105dzenia im szkody w zwi\u0105zku z nasz\u0105 dzia\u0142alno\u015bci\u0105 zawodow\u0105. Wykupienie takiej polisy niesie ze sob\u0105 wiele korzy\u015bci i daje nam spok\u00f3j ducha w prowadzeniu biznesu.<\/p>\n\n\n\n<p>Przede wszystkim, polisa OC zawodowe zapewnia finansow\u0105 ochron\u0119 przed roszczeniami. Je\u015bli w wyniku naszej dzia\u0142alno\u015bci dosz\u0142o do szkody, np. wyrz\u0105dzili\u015bmy b\u0142\u0105d lub pomy\u0142k\u0119, polisa OC pokrywa koszty zwi\u0105zane z odszkodowaniem, napraw\u0105 szkody lub prowadzeniem post\u0119powania s\u0105dowego. To zabezpiecza nas przed nieprzewidzianymi kosztami, kt\u00f3re mog\u0142yby znacz\u0105co obci\u0105\u017cy\u0107 nasz\u0105 firm\u0119.<\/p>\n\n\n\n<p>Kolejn\u0105 korzy\u015bci\u0105 jest reputacja i zaufanie klient\u00f3w. Posiadanie polisy OC zawodowe daje naszym klientom pewno\u015b\u0107, \u017ce w przypadku ewentualnych szk\u00f3d b\u0119d\u0105 oni odpowiednio odszkodowani. To buduje zaufanie i pozytywn\u0105 opini\u0119 o naszej firmie. Klienci czuj\u0105 si\u0119 bezpiecznie, wsp\u00f3\u0142pracuj\u0105c z nami, poniewa\u017c wiedz\u0105, \u017ce w razie potrzeby s\u0105 chronieni.<\/p>\n\n\n\n<p>Wa\u017cnym aspektem polisy OC zawodowe jest r\u00f3wnie\u017c wsparcie prawne i doradcze. W przypadku pojawienia si\u0119 roszcze\u0144, ubezpieczyciel zapewnia nam profesjonalne wsparcie prawne i doradcze. To oznacza, \u017ce mo\u017cemy skonsultowa\u0107 si\u0119 z ekspertami w dziedzinie prawa i uzyska\u0107 pomoc w prowadzeniu post\u0119powania s\u0105dowego. To daje nam pewno\u015b\u0107, \u017ce nasze prawa s\u0105 chronione i nasze interesy s\u0105 reprezentowane.<\/p>\n\n\n\n<p>Dodatkowo, polisa OC zawodowe mo\u017ce by\u0107 wymogiem prawnym w niekt\u00f3rych bran\u017cach lub przy zawieraniu kontrakt\u00f3w z innymi firmami. Wykazanie posiadania odpowiedniego ubezpieczenia mo\u017ce by\u0107 warunkiem wsp\u00f3\u0142pracy z innymi podmiotami. Dlatego polisa OC zawodowe mo\u017ce by\u0107 kluczowa dla rozwoju naszego biznesu i otwierania nowych mo\u017cliwo\u015bci.<\/p>\n","protected":false},"excerpt":{"rendered":"<p>W dzisiejszym \u015bwiecie, gdzie prowadzenie w\u0142asnej dzia\u0142alno\u015bci gospodarczej jest coraz popularniejsze, wa\u017cne jest zabezpieczenie si\u0119 przed ewentualnymi szkodami, kt\u00f3re mog\u0105 wynikn\u0105\u0107 z naszej dzia\u0142alno\u015bci. Dlatego warto zastanowi\u0107 si\u0119 nad tym, jak polisa OC zawodowe mo\u017ce nam pom\u00f3c w ochronie naszego biznesu. Polisa OC zawodowe (Odpowiedzialno\u015b\u0107 Cywilna zawodowa) to ubezpieczenie, kt\u00f3re chroni przed roszczeniami os\u00f3b trzecich &hellip;<\/p>\n<p class=\"read-more\"> <a class=\"\" href=\"http:\/\/ubezpieczeniacieslar.pl\/?page_id=858\"> <span class=\"screen-reader-text\">Ubezpieczenie zawodowe<\/span> Read More &raquo;<\/a><\/p>\n","protected":false},"author":1,"featured_media":0,"parent":0,"menu_order":0,"comment_status":"closed","ping_status":"closed","template":"","meta":{"site-sidebar-layout":"default","site-content-layout":"default","ast-global-header-display":"","ast-banner-title-visibility":"","ast-main-header-display":"","ast-hfb-above-header-display":"","ast-hfb-below-header-display":"","ast-hfb-mobile-header-display":"","site-post-title":"","ast-breadcrumbs-content":"","ast-featured-img":"","footer-sml-layout":"","theme-transparent-header-meta":"default","adv-header-id-meta":"","stick-header-meta":"","header-above-stick-meta":"","header-main-stick-meta":"","header-below-stick-meta":""},"_links":{"self":[{"href":"http:\/\/ubezpieczeniacieslar.pl\/index.php?rest_route=\/wp\/v2\/pages\/858"}],"collection":[{"href":"http:\/\/ubezpieczeniacieslar.pl\/index.php?rest_route=\/wp\/v2\/pages"}],"about":[{"href":"http:\/\/ubezpieczeniacieslar.pl\/index.php?rest_route=\/wp\/v2\/types\/page"}],"author":[{"embeddable":true,"href":"http:\/\/ubezpieczeniacieslar.pl\/index.php?rest_route=\/wp\/v2\/users\/1"}],"replies":[{"embeddable":true,"href":"http:\/\/ubezpieczeniacieslar.pl\/index.php?rest_route=%2Fwp%2Fv2%2Fcomments&post=858"}],"version-history":[{"count":2,"href":"http:\/\/ubezpieczeniacieslar.pl\/index.php?rest_route=\/wp\/v2\/pages\/858\/revisions"}],"predecessor-version":[{"id":1127,"href":"http:\/\/ubezpieczeniacieslar.pl\/index.php?rest_route=\/wp\/v2\/pages\/858\/revisions\/1127"}],"wp:attachment":[{"href":"http:\/\/ubezpieczeniacieslar.pl\/index.php?rest_route=%2Fwp%2Fv2%2Fmedia&parent=858"}],"curies":[{"name":"wp","href":"https:\/\/api.w.org\/{rel}","templated":true}]}}