{"id":1078,"date":"2021-06-06T20:09:34","date_gmt":"2021-06-06T18:09:34","guid":{"rendered":"http:\/\/ubezpieczeniacieslar.pl\/?page_id=1078"},"modified":"2023-05-31T20:19:06","modified_gmt":"2023-05-31T18:19:06","slug":"student","status":"publish","type":"page","link":"http:\/\/ubezpieczeniacieslar.pl\/?page_id=1078","title":{"rendered":"student"},"content":{"rendered":"\n<p>Czym jest polisa ubezpieczeniowa NNW dla studenta i jakie korzy\u015bci niesie za sob\u0105 wykupienie tego rodzaju ubezpieczenia na podstawie produktu Bezpieczy.pl? Bezpiecze\u0144stwo naszych student\u00f3w jest niezwykle wa\u017cne, zw\u0142aszcza podczas okresu intensywnego kszta\u0142cenia i rozwoju. Dlatego warto zastanowi\u0107 si\u0119, jak mo\u017cemy zapewni\u0107 im ochron\u0119 w przypadku nieszcz\u0119\u015bliwych wypadk\u00f3w.<\/p>\n\n\n\n<p>Polisa ubezpieczeniowa NNW (Nast\u0119pstwa Nieszcz\u0119\u015bliwych Wypadk\u00f3w) dla studenta to umowa, w kt\u00f3rej ubezpieczyciel zobowi\u0105zuje si\u0119 do wyp\u0142aty odszkodowania w przypadku nieszcz\u0119\u015bliwego wypadku, trwa\u0142ego uszczerbku na zdrowiu lub \u015bmierci studenta. Produkt Bezpieczy.pl, oferowany przez nasz\u0105 firm\u0119, dostarcza wiele korzy\u015bci, kt\u00f3re pomagaj\u0105 zapewni\u0107 studentom odpowiedni\u0105 ochron\u0119.<\/p>\n\n\n\n<p>Przede wszystkim, polisa Bezpieczy.pl zapewnia wszechstronn\u0105 ochron\u0119. Obejmuje ona studenta podczas pobytu na terenie uczelni, podczas podr\u00f3\u017cy na uczelni\u0119 i z powrotem, w czasie wykonywania praktyk zawodowych czy uczestnictwa w studenckich organizacjach. Dzi\u0119ki temu, niezale\u017cnie od miejsca i okoliczno\u015bci, w kt\u00f3rych mo\u017ce zdarzy\u0107 si\u0119 wypadek, student jest obj\u0119ty kompleksow\u0105 ochron\u0105.<\/p>\n\n\n\n<p>Kolejn\u0105 korzy\u015bci\u0105 jest wsparcie finansowe w przypadku nieszcz\u0119\u015bliwego zdarzenia. Polisa Bezpieczy.pl oferuje wyp\u0142at\u0119 odszkodowania w przypadku hospitalizacji lub trwa\u0142ego uszczerbku na zdrowiu studenta. To pozwala na pokrycie koszt\u00f3w leczenia, rehabilitacji, zakupu sprz\u0119tu medycznego czy potrzebnych lek\u00f3w. Studenci i ich rodziny mog\u0105 mie\u0107 pewno\u015b\u0107, \u017ce w przypadku wypadku b\u0119d\u0105 mia\u0142y odpowiednie \u015brodki finansowe.<\/p>\n\n\n\n<p>Wa\u017cn\u0105 korzy\u015bci\u0105 jest tak\u017ce ubezpieczenie od nast\u0119pstw chor\u00f3b zaka\u017anych. Produkt Bezpieczy.pl mo\u017ce obejmowa\u0107 tak\u0105 opcj\u0119, co w obecnych czasach jest szczeg\u00f3lnie istotne. W przypadku diagnozy powa\u017cnej choroby, takiej jak COVID-19, polisa NNW dla studenta zapewnia dodatkowe wsparcie finansowe na leczenie i rehabilitacj\u0119.<\/p>\n\n\n\n<p>Dodatkowo, polisa Bezpieczy.pl oferuje us\u0142ug\u0119 Assistance, kt\u00f3ra dostarcza wsparcia w razie potrzeby. Studenci mog\u0105 skorzysta\u0107 z profesjonalnej pomocy medycznej, informacji o plac\u00f3wkach medycznych czy organizacji transportu medycznego.<\/p>\n","protected":false},"excerpt":{"rendered":"<p>Czym jest polisa ubezpieczeniowa NNW dla studenta i jakie korzy\u015bci niesie za sob\u0105 wykupienie tego rodzaju ubezpieczenia na podstawie produktu Bezpieczy.pl? Bezpiecze\u0144stwo naszych student\u00f3w jest niezwykle wa\u017cne, zw\u0142aszcza podczas okresu intensywnego kszta\u0142cenia i rozwoju. Dlatego warto zastanowi\u0107 si\u0119, jak mo\u017cemy zapewni\u0107 im ochron\u0119 w przypadku nieszcz\u0119\u015bliwych wypadk\u00f3w. Polisa ubezpieczeniowa NNW (Nast\u0119pstwa Nieszcz\u0119\u015bliwych Wypadk\u00f3w) dla studenta &hellip;<\/p>\n<p class=\"read-more\"> <a class=\"\" href=\"http:\/\/ubezpieczeniacieslar.pl\/?page_id=1078\"> <span class=\"screen-reader-text\">student<\/span> Read More &raquo;<\/a><\/p>\n","protected":false},"author":1,"featured_media":0,"parent":0,"menu_order":0,"comment_status":"closed","ping_status":"closed","template":"","meta":{"site-sidebar-layout":"default","site-content-layout":"default","ast-global-header-display":"","ast-banner-title-visibility":"","ast-main-header-display":"","ast-hfb-above-header-display":"","ast-hfb-below-header-display":"","ast-hfb-mobile-header-display":"","site-post-title":"","ast-breadcrumbs-content":"","ast-featured-img":"","footer-sml-layout":"","theme-transparent-header-meta":"default","adv-header-id-meta":"","stick-header-meta":"","header-above-stick-meta":"","header-main-stick-meta":"","header-below-stick-meta":""},"_links":{"self":[{"href":"http:\/\/ubezpieczeniacieslar.pl\/index.php?rest_route=\/wp\/v2\/pages\/1078"}],"collection":[{"href":"http:\/\/ubezpieczeniacieslar.pl\/index.php?rest_route=\/wp\/v2\/pages"}],"about":[{"href":"http:\/\/ubezpieczeniacieslar.pl\/index.php?rest_route=\/wp\/v2\/types\/page"}],"author":[{"embeddable":true,"href":"http:\/\/ubezpieczeniacieslar.pl\/index.php?rest_route=\/wp\/v2\/users\/1"}],"replies":[{"embeddable":true,"href":"http:\/\/ubezpieczeniacieslar.pl\/index.php?rest_route=%2Fwp%2Fv2%2Fcomments&post=1078"}],"version-history":[{"count":2,"href":"http:\/\/ubezpieczeniacieslar.pl\/index.php?rest_route=\/wp\/v2\/pages\/1078\/revisions"}],"predecessor-version":[{"id":1124,"href":"http:\/\/ubezpieczeniacieslar.pl\/index.php?rest_route=\/wp\/v2\/pages\/1078\/revisions\/1124"}],"wp:attachment":[{"href":"http:\/\/ubezpieczeniacieslar.pl\/index.php?rest_route=%2Fwp%2Fv2%2Fmedia&parent=1078"}],"curies":[{"name":"wp","href":"https:\/\/api.w.org\/{rel}","templated":true}]}}